{"id":398,"date":"2014-03-18T20:44:57","date_gmt":"2014-03-18T20:44:57","guid":{"rendered":"http:\/\/www.fibramar.pt\/web\/?page_id=398"},"modified":"2023-03-09T10:45:46","modified_gmt":"2023-03-09T10:45:46","slug":"680-pescador-motor-interior","status":"publish","type":"page","link":"https:\/\/www.fibramar.pt\/web\/680-pescador-motor-interior\/","title":{"rendered":"680 Pescador (motor interior)"},"content":{"rendered":"<div\n\tclass=\"ngg-galleryoverview ngg-ajax-pagination-none\"\n\tid=\"ngg-gallery-d4a19dcb3ac18062e0aa5acdd72099e4-1\">\n\n    \t\t<!-- Thumbnails -->\n\t\t\t\t<div id=\"ngg-image-0\" class=\"ngg-gallery-thumbnail-box\" >\n\t\t\t\t        <div class=\"ngg-gallery-thumbnail\">\n            <a href=\"https:\/\/www.fibramar.pt\/web\/wp-content\/gallery\/680\/680pescador_1.jpg\"\n               title=\"\"\n               data-src=\"https:\/\/www.fibramar.pt\/web\/wp-content\/gallery\/680\/680pescador_1.jpg\"\n               data-thumbnail=\"https:\/\/www.fibramar.pt\/web\/wp-content\/gallery\/680\/thumbs\/thumbs_680pescador_1.jpg\"\n               data-image-id=\"84\"\n               data-title=\"680 Pescador\"\n               data-description=\"\"\n               data-image-slug=\"680pescador_1\"\n               >\n                <img\n                    title=\"680 Pescador\"\n                    alt=\"680 Pescador\"\n                    src=\"https:\/\/www.fibramar.pt\/web\/wp-content\/gallery\/680\/dynamic\/680pescador_1.jpg-nggid0284-ngg0dyn-360x240x100-00f0w010c010r110f110r010t010.jpg\"\n                    width=\"360\"\n                    height=\"240\"\n                    style=\"max-width:100%;\"\n                \/>\n            <\/a>\n        <\/div>\n\t\t\t\t\t\t\t<\/div> \n\t\t\t\n        \n\t\t\t\t<div id=\"ngg-image-1\" class=\"ngg-gallery-thumbnail-box\" >\n\t\t\t\t        <div class=\"ngg-gallery-thumbnail\">\n            <a href=\"https:\/\/www.fibramar.pt\/web\/wp-content\/gallery\/680\/680pescador_2.jpg\"\n               title=\"\"\n               data-src=\"https:\/\/www.fibramar.pt\/web\/wp-content\/gallery\/680\/680pescador_2.jpg\"\n               data-thumbnail=\"https:\/\/www.fibramar.pt\/web\/wp-content\/gallery\/680\/thumbs\/thumbs_680pescador_2.jpg\"\n               data-image-id=\"85\"\n               data-title=\"680 Pescador\"\n               data-description=\"\"\n               data-image-slug=\"680pescador_2\"\n               >\n                <img\n                    title=\"680 Pescador\"\n                    alt=\"680 Pescador\"\n                    src=\"https:\/\/www.fibramar.pt\/web\/wp-content\/gallery\/680\/dynamic\/680pescador_2.jpg-nggid0285-ngg0dyn-360x240x100-00f0w010c010r110f110r010t010.jpg\"\n                    width=\"360\"\n                    height=\"240\"\n                    style=\"max-width:100%;\"\n                \/>\n            <\/a>\n        <\/div>\n\t\t\t\t\t\t\t<\/div> \n\t\t\t\n        \n\t\t\t\t<div id=\"ngg-image-2\" class=\"ngg-gallery-thumbnail-box\" >\n\t\t\t\t        <div class=\"ngg-gallery-thumbnail\">\n            <a href=\"https:\/\/www.fibramar.pt\/web\/wp-content\/gallery\/680\/680pescador_3.jpg\"\n               title=\"\"\n               data-src=\"https:\/\/www.fibramar.pt\/web\/wp-content\/gallery\/680\/680pescador_3.jpg\"\n               data-thumbnail=\"https:\/\/www.fibramar.pt\/web\/wp-content\/gallery\/680\/thumbs\/thumbs_680pescador_3.jpg\"\n               data-image-id=\"86\"\n               data-title=\"680 Pescador\"\n               data-description=\"\"\n               data-image-slug=\"680pescador_3\"\n               >\n                <img\n                    title=\"680 Pescador\"\n                    alt=\"680 Pescador\"\n                    src=\"https:\/\/www.fibramar.pt\/web\/wp-content\/gallery\/680\/dynamic\/680pescador_3.jpg-nggid0286-ngg0dyn-360x240x100-00f0w010c010r110f110r010t010.jpg\"\n                    width=\"360\"\n                    height=\"240\"\n                    style=\"max-width:100%;\"\n                \/>\n            <\/a>\n        <\/div>\n\t\t\t\t\t\t\t<\/div> \n\t\t\t\n        \n\t\t\t\t<div id=\"ngg-image-3\" class=\"ngg-gallery-thumbnail-box\" >\n\t\t\t\t        <div class=\"ngg-gallery-thumbnail\">\n            <a href=\"https:\/\/www.fibramar.pt\/web\/wp-content\/gallery\/680\/680motorinterior.jpg\"\n               title=\"\"\n               data-src=\"https:\/\/www.fibramar.pt\/web\/wp-content\/gallery\/680\/680motorinterior.jpg\"\n               data-thumbnail=\"https:\/\/www.fibramar.pt\/web\/wp-content\/gallery\/680\/thumbs\/thumbs_680motorinterior.jpg\"\n               data-image-id=\"83\"\n               data-title=\"680 Pescador\"\n               data-description=\"\"\n               data-image-slug=\"680motorinterior\"\n               >\n                <img\n                    title=\"680 Pescador\"\n                    alt=\"680 Pescador\"\n                    src=\"https:\/\/www.fibramar.pt\/web\/wp-content\/gallery\/680\/dynamic\/680motorinterior.jpg-nggid0283-ngg0dyn-360x240x100-00f0w010c010r110f110r010t010.jpg\"\n                    width=\"160\"\n                    height=\"240\"\n                    style=\"max-width:100%;\"\n                \/>\n            <\/a>\n        <\/div>\n\t\t\t\t\t\t\t<\/div> \n\t\t\t\n        \n\t\t\n\t\t<!-- Pagination -->\n\t<div class='ngg-clear'><\/div>\t<\/div>\n\n<h4 class=\"lined-section color2\">Especifica\u00e7\u00f5es do&nbsp;<strong>FIBRAMAR 680 PESCADOR (MOTOR INTERIOR)<\/strong><span><\/span><\/h4>\n<p style=\"text-align: center;\"><img decoding=\"async\" loading=\"lazy\" class=\"aligncenter size-full wp-image-967\" src=\"http:\/\/www.fibramar.pt\/web\/wp-content\/uploads\/2014\/03\/680pescador.jpg\" alt=\"680pescador\" width=\"1000\" height=\"107\"><\/p>\n<p>&nbsp;<\/p>\n<h4 class=\"lined-section color2\">Resumo do produto<span><\/span><\/h4>\n<p style=\"text-align: justify;\">Modelo concebido para a pesca profissional, preparado para motor interior com linha de veios. Cabina com espa\u00e7o quanto baste e um pequeno beliche integrado a estibordo. Grande capacidade de escoamento de \u00e1gua no conv\u00e9s &#8211; o que se espera de uma embarca\u00e7\u00e3o deste tipo. Pot\u00eancia recomendada de 140 HP.<br \/>\n<strong><\/p>\n<div class=\"row\"><\/strong><\/p>\n<div class=\"grid6\">\n<h4 class=\"lined-section color2\">Equipamento standard<span><\/span><\/h4>\n<p style=\"text-align: justify;\"><strong>\u2013 Constru\u00e7\u00e3o:<br \/>\n<\/strong>&nbsp; &nbsp;Casco duplo<br \/>\n&nbsp; &nbsp;Estrutura de flutuabilidade compartimentada, selada e independente do conv\u00e9s<br \/>\n&nbsp; &nbsp;Gel coat branco<\/p>\n<p><strong>\u2013 Casco:<br \/>\n<\/strong>&nbsp; &nbsp;Verdugo PVC cinzento<br \/>\n&nbsp; &nbsp;Autocolantes cinzentos<br \/>\n&nbsp; &nbsp;Robaletes<\/p>\n<p><strong>\u2013 Amarra\u00e7\u00e3o e fundeio:<br \/>\n<\/strong>&nbsp; &nbsp;Argola de reboque<br \/>\n&nbsp; &nbsp;Roldana de proa<br \/>\n&nbsp; &nbsp;2 guias passa-cabos<br \/>\n&nbsp; &nbsp;1 cunho de amarra\u00e7\u00e3o \u00e0 proa<br \/>\n&nbsp; &nbsp;2 cunhos de amarra\u00e7\u00e3o \u00e0 popa<\/p>\n<p><strong>\u2013 Seguran\u00e7a:<br \/>\n<\/strong>&nbsp; &nbsp;Conv\u00e9s auto-esvaziante<br \/>\n&nbsp; &nbsp;Conv\u00e9s anti-derrapante<br \/>\n&nbsp; &nbsp;Varandins de proa<br \/>\n&nbsp; &nbsp;2 pegas verticais no exterior da cabina<br \/>\n&nbsp; &nbsp;2 pegas exteriores no tejadilho da cabina<\/p>\n<p><strong>\u2013 Arrumos:<br \/>\n<\/strong>&nbsp; &nbsp;Compartimentos para arrumos com fecho (\u00e0 proa e \u00e0 popa)<br \/>\n&nbsp; &nbsp;Compartimentos para arrumos no interior da cabina<\/p>\n<p><strong>\u2013 Conforto:<\/strong><br \/>\n&nbsp; &nbsp;Banco integrado \u00e0 popa<br \/>\n&nbsp; &nbsp;Estribos para acesso \u00e0 proa<br \/>\n&nbsp; &nbsp;Grelhas de ventila\u00e7\u00e3o<\/p>\n<p><strong>\u2013 Cabina \u00e0 proa:<\/strong><br \/>\n&nbsp; &nbsp;Janelas em acr\u00edlico incolor<br \/>\n&nbsp; &nbsp;Porta em PRFV com fechadura<br \/>\n&nbsp; &nbsp;Beliche individual (a estibordo)<\/p>\n<\/div>\n<div class=\"grid6\">\n<h4 class=\"lined-section color2\">Equipamento opcional<span><\/span><\/h4>\n<p><strong>\u2013 Constru\u00e7\u00e3o:<br \/>\n<\/strong>&nbsp; &nbsp;Cor do casco<br \/>\n&nbsp; &nbsp;Cor do tejadilho da cabina<br \/>\n&nbsp; &nbsp;Refor\u00e7os para instala\u00e7\u00e3o de equipamentos<\/p>\n<p><strong>\u2013 Casco:<br \/>\n<\/strong>&nbsp; &nbsp;Cor do verdugo PVC<br \/>\n&nbsp; &nbsp;Cor dos autocolantes<br \/>\n&nbsp; &nbsp;Barra inox na quilha \/ quilha e robaletes<\/p>\n<p><strong>\u2013 Amarra\u00e7\u00e3o e fundeio:<br \/>\n<\/strong>&nbsp; &nbsp;Argolas de eleva\u00e7\u00e3o<br \/>\n&nbsp; &nbsp;Paiol de \u00e2ncora auto-esvaziante com tampa<br \/>\n&nbsp; &nbsp;Cunhos de amarra\u00e7\u00e3o extra<\/p>\n<p><strong>\u2013 Seguran\u00e7a:<br \/>\n<\/strong>&nbsp; &nbsp;Varandins laterais<br \/>\n&nbsp; &nbsp;Varandim de popa<br \/>\n&nbsp; &nbsp;Pegas<br \/>\n&nbsp; &nbsp;Plataforma de banho<br \/>\n&nbsp; &nbsp;Escada de banho articulada<\/p>\n<p><strong>\u2013 Conforto:<\/strong><br \/>\n&nbsp; &nbsp;Dep\u00f3sito de combust\u00edvel integrado (120 litros)<br \/>\n&nbsp; &nbsp;Bocal de combust\u00edvel, respiro, sensor de n\u00edvel e man\u00f3metro<br \/>\n&nbsp; &nbsp;Suportes para canas<br \/>\n&nbsp; &nbsp;Suportes para canas no tecto da cabina<br \/>\n&nbsp; &nbsp;Arco de luzes<\/p>\n<p><strong>\u2013 Cabina \u00e0 proa:<\/strong><br \/>\n&nbsp; &nbsp;Janelas em acr\u00edlico escuro<br \/>\n&nbsp; &nbsp;Janelas em vidro temperado com moldura em alum\u00ednio<br \/>\n&nbsp; &nbsp;Porta de correr em alum\u00ednio com janela em vidro temperado<br \/>\n&nbsp; &nbsp;Cadeira de piloto com altura regul\u00e1vel<br \/>\n&nbsp; &nbsp;Apoio de p\u00e9s integrado<br \/>\n&nbsp; &nbsp;Banco de piloto articulado<\/p>\n<\/div>\n<\/div>\n<p>&nbsp;<\/p>\n","protected":false},"excerpt":{"rendered":"<p>&nbsp; Modelo concebido para a pesca profissional, preparado para motor interior com linha de veios. Cabina com espa\u00e7o quanto baste e um pequeno beliche integrado a estibordo. Grande capacidade de escoamento de \u00e1gua no conv\u00e9s &#8211; o que se espera de uma embarca\u00e7\u00e3o deste tipo. Pot\u00eancia recomendada de 140 HP. &nbsp;<\/p>\n","protected":false},"author":1,"featured_media":0,"parent":0,"menu_order":0,"comment_status":"closed","ping_status":"closed","template":"","meta":{"ngg_post_thumbnail":0,"_mi_skip_tracking":false},"yoast_head":"<!-- This site is optimized with the Yoast SEO plugin v20.2.1 - https:\/\/yoast.com\/wordpress\/plugins\/seo\/ -->\n<title>680 Pescador (motor interior) | FIBRAMAR<\/title>\n<meta name=\"robots\" content=\"index, follow, max-snippet:-1, max-image-preview:large, max-video-preview:-1\" \/>\n<link rel=\"canonical\" href=\"https:\/\/www.fibramar.pt\/web\/680-pescador-motor-interior\/\" \/>\n<meta property=\"og:locale\" content=\"pt_PT\" \/>\n<meta property=\"og:type\" content=\"article\" \/>\n<meta property=\"og:title\" content=\"680 Pescador (motor interior) | FIBRAMAR\" \/>\n<meta property=\"og:description\" content=\"&nbsp; Modelo concebido para a pesca profissional, preparado para motor interior com linha de veios. Cabina com espa\u00e7o quanto baste e um pequeno beliche integrado a estibordo. Grande capacidade de escoamento de \u00e1gua no conv\u00e9s &#8211; o que se espera de uma embarca\u00e7\u00e3o deste tipo. Pot\u00eancia recomendada de 140 HP. &nbsp;\" \/>\n<meta property=\"og:url\" content=\"https:\/\/www.fibramar.pt\/web\/680-pescador-motor-interior\/\" \/>\n<meta property=\"og:site_name\" content=\"FIBRAMAR\" \/>\n<meta property=\"article:publisher\" content=\"https:\/\/www.facebook.com\/fibramar\" \/>\n<meta property=\"article:modified_time\" content=\"2023-03-09T10:45:46+00:00\" \/>\n<meta property=\"og:image\" content=\"http:\/\/www.fibramar.pt\/web\/wp-content\/uploads\/2014\/03\/680pescador.jpg\" \/>\n<meta name=\"twitter:card\" content=\"summary_large_image\" \/>\n<meta name=\"twitter:label1\" content=\"Tempo estimado de leitura\" \/>\n\t<meta name=\"twitter:data1\" content=\"2 minutos\" \/>\n<script type=\"application\/ld+json\" class=\"yoast-schema-graph\">{\"@context\":\"https:\/\/schema.org\",\"@graph\":[{\"@type\":\"WebPage\",\"@id\":\"https:\/\/www.fibramar.pt\/web\/680-pescador-motor-interior\/\",\"url\":\"https:\/\/www.fibramar.pt\/web\/680-pescador-motor-interior\/\",\"name\":\"680 Pescador (motor interior) | FIBRAMAR\",\"isPartOf\":{\"@id\":\"https:\/\/www.fibramar.pt\/web\/#website\"},\"datePublished\":\"2014-03-18T20:44:57+00:00\",\"dateModified\":\"2023-03-09T10:45:46+00:00\",\"breadcrumb\":{\"@id\":\"https:\/\/www.fibramar.pt\/web\/680-pescador-motor-interior\/#breadcrumb\"},\"inLanguage\":\"pt-PT\",\"potentialAction\":[{\"@type\":\"ReadAction\",\"target\":[\"https:\/\/www.fibramar.pt\/web\/680-pescador-motor-interior\/\"]}]},{\"@type\":\"BreadcrumbList\",\"@id\":\"https:\/\/www.fibramar.pt\/web\/680-pescador-motor-interior\/#breadcrumb\",\"itemListElement\":[{\"@type\":\"ListItem\",\"position\":1,\"name\":\"In\u00edcio\",\"item\":\"https:\/\/www.fibramar.pt\/web\/\"},{\"@type\":\"ListItem\",\"position\":2,\"name\":\"680 Pescador (motor interior)\"}]},{\"@type\":\"WebSite\",\"@id\":\"https:\/\/www.fibramar.pt\/web\/#website\",\"url\":\"https:\/\/www.fibramar.pt\/web\/\",\"name\":\":: FIBRAMAR\",\"description\":\"\",\"publisher\":{\"@id\":\"https:\/\/www.fibramar.pt\/web\/#organization\"},\"potentialAction\":[{\"@type\":\"SearchAction\",\"target\":{\"@type\":\"EntryPoint\",\"urlTemplate\":\"https:\/\/www.fibramar.pt\/web\/?s={search_term_string}\"},\"query-input\":\"required name=search_term_string\"}],\"inLanguage\":\"pt-PT\"},{\"@type\":\"Organization\",\"@id\":\"https:\/\/www.fibramar.pt\/web\/#organization\",\"name\":\"Fibramar\",\"url\":\"https:\/\/www.fibramar.pt\/web\/\",\"logo\":{\"@type\":\"ImageObject\",\"inLanguage\":\"pt-PT\",\"@id\":\"https:\/\/www.fibramar.pt\/web\/#\/schema\/logo\/image\/\",\"url\":\"https:\/\/www.fibramar.pt\/web\/wp-content\/uploads\/2014\/03\/logo_fibramar.png\",\"contentUrl\":\"https:\/\/www.fibramar.pt\/web\/wp-content\/uploads\/2014\/03\/logo_fibramar.png\",\"width\":323,\"height\":77,\"caption\":\"Fibramar\"},\"image\":{\"@id\":\"https:\/\/www.fibramar.pt\/web\/#\/schema\/logo\/image\/\"},\"sameAs\":[\"https:\/\/www.facebook.com\/fibramar\",\"https:\/\/www.instagram.com\/fibramar\",\"https:\/\/www.pinterest.pt\/fibramar\",\"https:\/\/www.youtube.com\/fibramarboats\"]}]}<\/script>\n<!-- \/ Yoast SEO plugin. -->","yoast_head_json":{"title":"680 Pescador (motor interior) | FIBRAMAR","robots":{"index":"index","follow":"follow","max-snippet":"max-snippet:-1","max-image-preview":"max-image-preview:large","max-video-preview":"max-video-preview:-1"},"canonical":"https:\/\/www.fibramar.pt\/web\/680-pescador-motor-interior\/","og_locale":"pt_PT","og_type":"article","og_title":"680 Pescador (motor interior) | FIBRAMAR","og_description":"&nbsp; Modelo concebido para a pesca profissional, preparado para motor interior com linha de veios. Cabina com espa\u00e7o quanto baste e um pequeno beliche integrado a estibordo. Grande capacidade de escoamento de \u00e1gua no conv\u00e9s &#8211; o que se espera de uma embarca\u00e7\u00e3o deste tipo. Pot\u00eancia recomendada de 140 HP. &nbsp;","og_url":"https:\/\/www.fibramar.pt\/web\/680-pescador-motor-interior\/","og_site_name":"FIBRAMAR","article_publisher":"https:\/\/www.facebook.com\/fibramar","article_modified_time":"2023-03-09T10:45:46+00:00","og_image":[{"url":"http:\/\/www.fibramar.pt\/web\/wp-content\/uploads\/2014\/03\/680pescador.jpg"}],"twitter_card":"summary_large_image","twitter_misc":{"Tempo estimado de leitura":"2 minutos"},"schema":{"@context":"https:\/\/schema.org","@graph":[{"@type":"WebPage","@id":"https:\/\/www.fibramar.pt\/web\/680-pescador-motor-interior\/","url":"https:\/\/www.fibramar.pt\/web\/680-pescador-motor-interior\/","name":"680 Pescador (motor interior) | FIBRAMAR","isPartOf":{"@id":"https:\/\/www.fibramar.pt\/web\/#website"},"datePublished":"2014-03-18T20:44:57+00:00","dateModified":"2023-03-09T10:45:46+00:00","breadcrumb":{"@id":"https:\/\/www.fibramar.pt\/web\/680-pescador-motor-interior\/#breadcrumb"},"inLanguage":"pt-PT","potentialAction":[{"@type":"ReadAction","target":["https:\/\/www.fibramar.pt\/web\/680-pescador-motor-interior\/"]}]},{"@type":"BreadcrumbList","@id":"https:\/\/www.fibramar.pt\/web\/680-pescador-motor-interior\/#breadcrumb","itemListElement":[{"@type":"ListItem","position":1,"name":"In\u00edcio","item":"https:\/\/www.fibramar.pt\/web\/"},{"@type":"ListItem","position":2,"name":"680 Pescador (motor interior)"}]},{"@type":"WebSite","@id":"https:\/\/www.fibramar.pt\/web\/#website","url":"https:\/\/www.fibramar.pt\/web\/","name":":: FIBRAMAR","description":"","publisher":{"@id":"https:\/\/www.fibramar.pt\/web\/#organization"},"potentialAction":[{"@type":"SearchAction","target":{"@type":"EntryPoint","urlTemplate":"https:\/\/www.fibramar.pt\/web\/?s={search_term_string}"},"query-input":"required name=search_term_string"}],"inLanguage":"pt-PT"},{"@type":"Organization","@id":"https:\/\/www.fibramar.pt\/web\/#organization","name":"Fibramar","url":"https:\/\/www.fibramar.pt\/web\/","logo":{"@type":"ImageObject","inLanguage":"pt-PT","@id":"https:\/\/www.fibramar.pt\/web\/#\/schema\/logo\/image\/","url":"https:\/\/www.fibramar.pt\/web\/wp-content\/uploads\/2014\/03\/logo_fibramar.png","contentUrl":"https:\/\/www.fibramar.pt\/web\/wp-content\/uploads\/2014\/03\/logo_fibramar.png","width":323,"height":77,"caption":"Fibramar"},"image":{"@id":"https:\/\/www.fibramar.pt\/web\/#\/schema\/logo\/image\/"},"sameAs":["https:\/\/www.facebook.com\/fibramar","https:\/\/www.instagram.com\/fibramar","https:\/\/www.pinterest.pt\/fibramar","https:\/\/www.youtube.com\/fibramarboats"]}]}},"_links":{"self":[{"href":"https:\/\/www.fibramar.pt\/web\/wp-json\/wp\/v2\/pages\/398"}],"collection":[{"href":"https:\/\/www.fibramar.pt\/web\/wp-json\/wp\/v2\/pages"}],"about":[{"href":"https:\/\/www.fibramar.pt\/web\/wp-json\/wp\/v2\/types\/page"}],"author":[{"embeddable":true,"href":"https:\/\/www.fibramar.pt\/web\/wp-json\/wp\/v2\/users\/1"}],"replies":[{"embeddable":true,"href":"https:\/\/www.fibramar.pt\/web\/wp-json\/wp\/v2\/comments?post=398"}],"version-history":[{"count":7,"href":"https:\/\/www.fibramar.pt\/web\/wp-json\/wp\/v2\/pages\/398\/revisions"}],"predecessor-version":[{"id":3647,"href":"https:\/\/www.fibramar.pt\/web\/wp-json\/wp\/v2\/pages\/398\/revisions\/3647"}],"wp:attachment":[{"href":"https:\/\/www.fibramar.pt\/web\/wp-json\/wp\/v2\/media?parent=398"}],"curies":[{"name":"wp","href":"https:\/\/api.w.org\/{rel}","templated":true}]}}